What is the tens digit of f(s)?
0
Let o be (4/(-10) - 0)/(6/(-3420)). Suppose 15*m = 18*m - o. Suppose -3*q + m = 1. What is the tens digit of q?
2
Suppose 3*j - 60 = -2*j. Suppose -3*k - d = 5 + 9, 6*k + 38 = -4*d. What is the tens digit of j*k*(-92)/36?
9
Suppose -224205 - 3363 = -24*d. What is the units digit of d?
2
Let y(h) = -4*h + 27. Let n be y(8). What is the units digit of n*6/(-90)*267?
9
Suppose 7370 = 18*z - 10418 - 10256. What is the hundreds digit of z?
5
Suppose 12*i = -70347 + 246375. What is the tens digit of i?
6
What is the units digit of 1281*17*(22 - 15 - 6)?
7
What is the units digit of 2*((-657)/6)/(-7 - 5432/(-777))?
9
What is the thousands digit of -499 + 493 + (2 - -1*4232)?
4
Let w = 45 + -43. Suppose 2*v + 5*j + 1 = -8, 0 = 3*v - w*j - 34. Suppose s + 637 = v*s. What is the units digit of s?
1
What is the thousands digit of 57787/9 + 2 - (-9)/81*2?
6
Let z = -30 + 26. Let o be (10/75*42)/(z/(-10)). Let a = o + 8. What is the units digit of a?
2
Let p(o) = -309*o**3 + 8*o - 7. What is the units digit of p(-3)?
2
Let t(l) = l**3 - 6*l**2 - 16*l - 6. Let g be t(8). Let d be -9*(-6)/4*(2 + g). Let z = d + 170. What is the hundreds digit of z?
1
Suppose -3*z = -3*x - 2*z + 8, 2*x - 28 = -5*z. Suppose 3*v + 167 + 21 = 2*h, 316 = -5*v + x*h. Let b = 278 + v. What is the tens digit of b?
1
Let j(q) = -q**2 + 11*q + 41. Let h be j(14). What is the units digit of 118 - (-6 + 0) - h?
5
Suppose 33*a = 30*a - 6. Let j = 68 + a. Suppose 5*q + 2*p = 208 - j, 5*q - 3*p = 162. What is the tens digit of q?
3
Let y(g) = 2528*g + 112. What is the thousands digit of y(3)?
7
Let a = -212 + 218. Let n(z) = 6*z + 186. What is the tens digit of n(a)?
2
Suppose 12*a + 20057 = -14*a + 111265. What is the tens digit of a?
0
Suppose 161*j = 162*j. Suppose 17*l - 423 + 15 = j. What is the units digit of l?
4
Let n = -127 - -141. Suppose n*k - 722 = 12*k. What is the units digit of k?
1
Let j = -3407 + 10335. What is the tens digit of j?
2
Suppose 2*x - 272 + 105 = p, -496 = 3*p - 5*x. Let h = 270 + p. What is the tens digit of h?
1
Let o(m) = -m**3 - 16*m**2 - 25*m - 40. What is the tens digit of o(-19)?
1
Suppose -18*t + 108*t + 190 = 460. Let p(a) = 2*a**2 + 0 + 3 + 3*a - 5. What is the tens digit of p(t)?
2
Let k = 50 + 13. Suppose 8*m = -m + k. Suppose -4*z = -m*z + 318. What is the hundreds digit of z?
1
Let b(z) = 11*z**2 + 71*z + 1469. What is the units digit of b(-16)?
9
Let k(z) = 5*z**2 - 46*z - 975. What is the thousands digit of k(49)?
8
Suppose -43*j - 2098180 = -113*j. What is the thousands digit of j?
9
Suppose 2*c - g = 3250, -3*c - 5*g + 2855 + 2020 = 0. Suppose -t - 4*t + c = 0. What is the tens digit of -6*2/(-18) - t/(-3)?
0
Let y = 30 + -24. Let t(q) = q**3 - 7*q**2 + 2*q - 1. Let b be t(y). What is the hundreds digit of ((-245)/b - 5)/(6/160)?
1
Let v be 1/(-2)*-22 - -4. Let g be (3/2)/(v/40). What is the units digit of (g/((-4)/3))/((-9)/600)?
0
Let u(b) = b**2 - 1. Let q be u(0). Let i be 25*(1 + -2)/q. Suppose -6*f - 1 = -i. What is the units digit of f?
4
Let r(x) = 13*x**3 - 88*x + 36. What is the units digit of r(10)?
6
Let b(l) = 959*l**2 + 26*l - 277. What is the hundreds digit of b(7)?
8
Let o = 5471 - -266. What is the tens digit of o?
3
Let d(a) = a**2 - 6*a + 31. Suppose 4*i - 55 = -9*s + 4*s, -i + 33 = 3*s. Let y be d(s). Suppose -4*q + y = -518. What is the units digit of q?
1
What is the units digit of 6 + (39291 + -10 - -14)?
1
Let v(k) = k**3 + 2*k + 57. Suppose 3*q + 0*w - 4*w = 0, 0 = -5*w. What is the units digit of v(q)?
7
Suppose 0 = -5*j - 5*k + 62675, k - 2*k = -3*j + 37605. What is the units digit of j?
5
Suppose -5*s - 26 = x, 3 - 16 = 2*s + 3*x. What is the tens digit of (-979)/s - 9/(-45)?
9
Let g(n) = -31*n - 2. Suppose 16 = v + 1. Suppose -p - v = 4*i, -3*i + p + 19 = -8*i. What is the units digit of g(i)?
2
Let d(v) = 67*v**2 - 190*v + 1775. What is the tens digit of d(17)?
0
Suppose 2*s - 5*n - 80320 = 0, -n - 26010 = -s + 14141. What is the hundreds digit of s?
1
Let o = -94 - -98. Suppose 0 = -3*y + 3*a + 381, -a - 643 = -o*y - y. Let k = y + -65. What is the tens digit of k?
6
Let c(r) = 8488*r - 517. What is the hundreds digit of c(2)?
4
Let o(u) = 3*u**2 - 64*u + 71. What is the units digit of o(-28)?
5
What is the tens digit of -9928*1*(110/(-4) + 27)?
6
Let a(h) = h**2 - 26*h + 308. What is the units digit of a(-59)?
3
Suppose -28*w + 29*w - 5*t = 5513, 5 = t. What is the thousands digit of w?
5
Let s(a) = -a**3 - 2*a**2 - 7*a - 9. Let r be s(-2). Suppose -4*d + 729 = r*f - 905, 0 = 4*f + 4*d - 1304. What is the tens digit of f?
3
Suppose 5 = -a + 6. What is the tens digit of (-10 - a)/((-3)/132)?
8
Let a be (-5)/2*(190/(-25) - -2). Suppose 19*d = a*d + 390. Suppose -n = 2*t - d, -4*n + 2*t - 3*t + 319 = 0. What is the tens digit of n?
8
Suppose 5*k = -4*u + 286, -k = u - 49 - 22. Suppose 73*h - 1724 = u*h. What is the hundreds digit of h?
4
Suppose -2*p - o = -10665, -5*o = 2*p - 3036 - 7601. What is the tens digit of p?
3
Suppose -2*s + o = -4, 9*s + o + 4 = 7*s. Suppose 5*m + 943 = 4*j, 5*m = -s*m - 15. What is the units digit of j?
2
Suppose -2*o - 4*f = 778, 3*o + 2*o + 1990 = 5*f. What is the tens digit of 10*(-8 - o/10)?
1
Let w(q) = -2478*q + 677. What is the tens digit of w(-1)?
5
Suppose 0 = -171*d + 405453 - 455054 + 1739594. What is the hundreds digit of d?
8
Suppose -m + 2*m - 6 = 0. Let o be 2*1 - (-3)/6*m. Suppose -t + 1 = -2*t, 0 = -4*b + o*t + 433. What is the units digit of b?
7
What is the hundreds digit of ((-76)/10)/((-28)/16625) - 201/(-134)?
5
Suppose -28 = -2*s + 12. Suppose s*t - 4215 = -1235. What is the hundreds digit of t?
1
Suppose -4*s = -20, -4*p - 5*s + 4*s = 31. Let a be 3/p*5*-3. Suppose 0 = t - 4*h - 24, -t + h - a*h = 8. What is the units digit of t?
8
Suppose -x + 4*x = -3*n, -5*x + 45 = -4*n. Suppose -5*h + 2*h = 5*r - 450, -445 = -x*r - 2*h. What is the units digit of r?
7
Let v(j) = -4*j**3 - 6*j**2 + 11*j + 15. Let a be v(-6). Let i = 961 - a. What is the tens digit of i?
6
Let h(d) = -d + 24. Let s be h(21). Suppose -s*w + 30 + 48 = 0. Suppose -491 = -3*u + 2*c + w, u - 172 = c. What is the units digit of u?
3
Let s = -21 - -8. Let g(w) = -w - 15. Let d be g(s). Let i(j) = 3*j + 13. What is the units digit of i(d)?
7
Let y(h) = 2*h**3 - 52*h**2 - 100*h - 8. What is the hundreds digit of y(29)?
1
Let u(h) = -7462*h + 368. What is the thousands digit of u(-6)?
5
Suppose 26 = 5*w - 3*w - y, -4*y = 3*w - 50. Suppose -49115 = -19*a + w*a. What is the units digit of a/99 - 4/18?
9
Suppose d = -5*z + 26, -3*d + 3*z + 6 = -0. Suppose 2*w - 11 + 0 = -b, -5 = -5*b. What is the units digit of 5616/130*4/d*w?
4
Let a = 650 + -428. Let c = a - 5. What is the hundreds digit of c?
2
Let m(y) be the second derivative of -8*y**5/5 - 13*y**4/12 - y**3/3 + 4*y**2 + 46*y. What is the units digit of m(-3)?
1
Let d(c) = -4*c - 25. Let x be d(-5). What is the units digit of ((-48496)/(-40))/(-7)*x?
6
Let h = -4477 + 6324. Suppose -1107 = -3*q + 3*b, 5*q + 2*b = 5*b + h. What is the tens digit of q?
7
Let n = -17 + -83. Let b = n + 103. Suppose -29 + 164 = b*k. What is the units digit of k?
5
Let n = -119 + 171. Let q(h) = -n + 43*h + 2*h + 53. What is the units digit of q(2)?
1
Let t(n) = 143*n**2 - 5*n - 2. Let x be t(2). Suppose 6*i - 4*w = i + x, 4*w = 4*i - 452. Suppose 2*f = 2 + i. What is the units digit of f?
5
Let t = 32 + -43. Let j(n) = n**2 + 13*n - 14. Let b be j(t). Let u = b + 178. What is the hundreds digit of u?
1
Let z = 6 - 65. Let w = 106 + z. What is the tens digit of w?
4
Let r(p) = -4*p**3 + 22*p**2 + 22*p + 169. What is the thousands digit of r(-9)?
4
Suppose -2*z = c + 2*c - 36, -4*c + 5*z = -48. Suppose -5*n + 2 - c = 2*o, 0 = -2*o + n + 2. What is the units digit of (-8)/3*(o - 15)?
0
Let r(f) = -1 - 1736*f + 1741*f - 418*f**3 + 5. What is the tens digit of r(-1)?
1
Suppose 131 = 9*n - 22. Suppose -n*z - 3762 = -28*z. What is the units digit of z?
2
Let k(f) = 10*f - 94*f - 9*f - 71 - 36*f. What is the units digit of k(-8)?
1
Suppose 2*c - 16 = -8. Suppose -1133 = -4*d - 3*z, d + 3*z + 834 = c*d. What is the tens digit of d?
8
Let j(a) = 3*a + 24. Let t be j(14). Let g(b) = 18*b + 1. Let s be g(2). Let r = t - s. What is the units digi